hat is u(c)?
0
Suppose 0 = 75*m - 33*m - 630. Let j(t) = t - 24. Give j(m).
-9
Let o(x) = 17*x + 2 - 13*x - 15 + 17*x. Let b(k) = 10*k - 6. Let i(n) = -9*b(n) + 4*o(n). Calculate i(2).
-10
Let c(f) be the second derivative of -f**5/20 + 7*f**4/12 + 2*f**3 - 6*f**2 + 100*f. Calculate c(8).
20
Let l(s) be the third derivative of -s**6/120 - s**5/12 - s**4/24 + 2*s**3/3 - 217*s**2 + 1. What is l(-6)?
46
Let p(z) = 2*z + 54 - 102 + 47. Determine p(3).
5
Suppose -3*i + 2*r = -4*i, -3*i - r + 10 = 0. Suppose 4*x + 10 = 2*l, -x - x + i*l - 20 = 0. Let z(a) = -a - 12. Calculate z(x).
-12
Suppose 2*n - 9 = 5*n, -5*h - 3*n + 81 = 0. Suppose -6*x - 12 + h = 0. Let d(a) = 7*a**3 - a**2. Give d(x).
6
Let j(r) = 7*r - 2. Let c(f) be the second derivative of -f**3 + f**2 - 15*f. Let x(v) = -3*c(v) - 2*j(v). Determine x(4).
14
Let p(f) = -2*f**2 - 9*f + 4. Let i = -314 + 307. Give p(i).
-31
Let x(t) = -2*t**2 + 3*t - 2 - t - 3*t**2 + t**3. Suppose 0 = -9*j + 8*j + 18. Let o = -13 + j. Calculate x(o).
8
Let j(s) = 6*s + 2. Let o be (8 + -2)*1 + -3. Suppose -o*x = -5*z - 19, -7 - 2 = -3*x + 3*z. What is j(x)?
-10
Suppose 10 = -8*v + 50. Let p(q) = q**3 - 5*q**2 - 5*q - 3. Give p(v).
-28
Let x(m) = -m**3 - 9*m**2 - 2*m - 9. Suppose -64*z = -74*z - 90. Determine x(z).
9
Let v(p) = 102*p - 205*p - 1 + 104*p. What is v(5)?
4
Let y(t) be the first derivative of -t**4/12 + 5*t**2 - 34*t + 2. Let u(a) be the first derivative of y(a). Suppose -5*v = 3 + 2, 2*v + 2 = -4*g. Give u(g).
10
Let l be (-5)/(-5) + (-3 - -2). Let v(y) be the second derivative of y**4/12 + y**3/6 - 5*y**2 - 3*y. Give v(l).
-10
Let l(a) = -6 + 2 - 3*a + 1 - 1. Let o be l(-2). Let s(j) = 14*j + 2*j**o + 0*j**2 - 16*j. Determine s(3).
12
Let l(a) be the first derivative of -a**7/840 + a**6/60 + a**5/15 - 34*a**3/3 - 42. Let g(w) be the third derivative of l(w). What is g(7)?
7
Let b(v) = v + 29 + 11*v + 12 + v**2 - 21. Calculate b(-10).
0
Let k = 444 - 439. Let i(n) = 0 - n - n + 4. Determine i(k).
-6
Let q(t) be the third derivative of -t**6/120 + t**5/60 + 5*t**4/24 - t**3/2 - 3*t**2. Suppose -5*m + 11 = -3*s, 45*s - 41*s = 5*m - 8. What is q(s)?
-6
Let z(y) be the second derivative of 2*y**3/3 - 9*y**2/2 + 2*y. Let r = -120 - -126. Calculate z(r).
15
Let d(x) be the second derivative of -2*x**3/3 - 3*x**2/2 - 77*x. Give d(6).
-27
Let d(f) = -f**2 + f. Let o(v) = -3*v**2 + 6*v + 3. Let y(l) = -2*d(l) + o(l). Suppose -11*p + 9*p = -10. What is y(p)?
-2
Let j(s) = 2*s**2 - 20*s + 4. Let b(h) = h**2 - 13*h + 3. Let a(o) = -8*b(o) + 5*j(o). Determine a(-4).
12
Let l = 146 + -144. Let a(q) = -2*q**3 + 2*q**2 - 2*q + 2. Calculate a(l).
-10
Let o be (-88)/77 + (-72)/(-14). Let v(d) = d**2 - 4*d - 4. Calculate v(o).
-4
Let f(j) = 16*j**3 + j**2 + j - 2. Let s(k) = -10*k**2 + 27*k + 10. Let p be s(3). Give f(p).
16
Suppose 0 = 2*t + 5*r + 5 - 4, -3*t = -3*r + 33. Let z(x) = -3*x + 6. Give z(t).
30
Let y(a) = 3*a**2 + 18*a - 6. Let u(z) = -2*z**2 - 12*z + 4. Let n(o) = 7*u(o) + 5*y(o). Let q = -19 - 1. Let f be ((-1)/((-5)/q))/(4/6). What is n(f)?
-2
Let w(n) = 149*n + 1 - 79*n - 76*n. Give w(1).
-5
Let k(t) be the second derivative of t**5/20 - 7*t**4/6 + t**3/6 - 11*t**2/2 - 169*t - 3. What is k(14)?
3
Let r(w) = w**3 + 6*w**2 - 7. Suppose -3*l = -q - 16, -5*q - 8 = 2*l + 4. Suppose -6*j + l*j = 12. Determine r(j).
-7
Let s(f) = -10 + 7 - f**2 + 4 - f. Let y(q) = q. Let r(h) = 3*h**2 + 4*h - 2. Let d(j) = r(j) - 2*y(j). Let m(a) = d(a) + 2*s(a). Calculate m(-1).
1
Let f(j) = 3*j + 10. Suppose -9*s = -36 + 63. Give f(s).
1
Let i(b) = 11*b**2 + 3*b + 23. Let s(v) = 27*v**2 + 4*v + 46. Let l(w) = -5*i(w) + 2*s(w). Give l(-6).
-17
Suppose -5*b = 4*a - 17, 2*a = 16*b - 18*b + 8. Let w(q) = 6*q**2 + q - 2. Calculate w(b).
5
Let i = -9 + 13. Let n(h) be the first derivative of -h**3 + h**2 + h - 1/4*h**i + 4. Determine n(-3).
-5
Let n(p) be the second derivative of 0 - 1/12*p**4 - 5/6*p**3 - 3/2*p**2 + 5*p. Let t(x) = -2*x**2 - 2*x + 7. Let c be t(-3). Determine n(c).
-3
Let c(k) = -1 + 1 + 5*k - 2 + 2*k**2 + 15. Let u(w) = w**2 + 3*w + 9. Let j(r) = 5*c(r) - 7*u(r). Determine j(-3).
17
Let g(f) = -f**3 - 8*f**2 - 10*f + 19. Let x be g(-5). Let d(k) = -k**2 - 8*k - 5. Calculate d(x).
7
Let u(h) = 2*h - 6. Suppose 5*n - 7 = 3. Suppose 4*r - 3*m - 2 = 0, -r + n*r + 2 = 2*m. Suppose r*t - 5*o - 32 = 0, 0 = 2*t - o - 7 - 9. Calculate u(t).
6
Let n be (-28)/(-70)*(-1 + 11). Suppose -s = -3*s - n*g - 4, 0 = 5*g + 5. Let k(b) = -b**3 - b + 14. Determine k(s).
14
Let u(t) = t + 1. Let n = 82 - 88. Let w(r) = 8*r + 9. Let p(i) = n*u(i) + w(i). Determine p(-3).
-3
Let v(l) = -l**3 - 3*l**2 - 2*l - 3. Suppose 107 - 113 = 3*q. Calculate v(q).
-3
Let z(u) = -u**2 + 8*u + 3. Let v = -247 - -254. Give z(v).
10
Suppose 12*t - 15*t = 3. Let b(x) = -x**2 - 2*x + 3. Let i be b(-4). Let m be t + i/(20/(-12)). Let c(n) = -3*n**3 + 3*n**2 - n + 2. Give c(m).
-12
Let x be (6 - 1)*(6/2)/(-3). Let p(u) = -u**3 - 6*u**2 - 5*u + 1. Give p(x).
1
Let d(c) be the first derivative of -3*c**4 + c**2 - c - 100. Determine d(1).
-11
Let a(o) = -5*o**2 - 3*o. Let g be a(-2). Let b = -6 - g. Let j(n) = b - 8*n + 0*n + 7*n. Determine j(4).
4
Let s(v) be the first derivative of -1/3*v**3 - v + 32 + 3/2*v**2. What is s(3)?
-1
Let n(j) = -5*j - 1. Let o = -12 + 11. Let l be n(o). Suppose -l*b = -2*h - 10, -4*h = -5*h + 3*b - 5. Let i(u) = -u**3 - 6*u**2 - u + 2. Give i(h).
-18
Let t(q) = q**2 + 10*q + 7. Let c(h) = h**2 - 84*h - 51. Let r(x) = 21*x + 13. Let s(l) = -2*c(l) - 9*r(l). Let b(i) = 4*s(i) + 9*t(i). Give b(-4).
-5
Let i(a) be the third derivative of a**6/120 + a**5/15 - a**4/4 - a**3/6 - 2*a**2 - 27. Give i(-4).
23
Let k(s) = 17*s**2 + s + 1. Let o be 3*(-14)/(-147) - (-36)/(-28). Calculate k(o).
17
Let c(w) = w**3 + 13*w**2 + 7*w - 16. Let l be c(-7). Let i(v) = -v**3 + 2 + 229*v - l*v - 2*v**2. Give i(-2).
2
Let d(x) = x**2 + 4*x + 5. Let y(l) = l**2 - 19*l - 18. Let u be y(20). Let f be 3 - 8/2*u. What is d(f)?
10
Let i(s) = 3*s + 5. Let f = 16 - 11. Let p(m) = m**2 - 3*m - 4. Let q be p(f). Suppose l = q*l - 2*h + 26, 4*h = 12. Give i(l).
-7
Let i(g) = -7*g**2 - 9*g + 16. Let k(b) = 3*b**2 + 5*b - 8. Let l(m) = -4*i(m) - 9*k(m). Suppose 9*j = 3*j. Suppose -8*n + 3*n + 30 = j. What is l(n)?
-10
Let l(m) = -4*m**3 - 2*m**2 - 7*m + 4. Suppose 2*c + 2*a = -3*a - 10, 5*c - a = -25. Let f(o) = o**3 - o**2 + o + 1. Let k(h) = c*f(h) - l(h). What is k(7)?
5
Let r(p) = 3*p + 3. Let f be 40/(-7) - 40/140. Let t be 9 + (f - -3 - 0). Let z(n) = -3*n + 15. Let a be z(t). Calculate r(a).
-6
Let r(s) = 44*s - 1. Let b = -2602 + 2603. Determine r(b).
43
Suppose -18*j + 13*j - 10 = 0. Let v(t) = t**3 - 2*t**2. Determine v(j).
-16
Let j be ((-9)/(-5))/((-11)/(-55)). Let s(m) = 7*m + 1 - j*m + 16*m. Determine s(-1).
-13
Let w(i) be the first derivative of -i**4/4 + 2*i**3/3 + i**2/2 + 3*i + 48. Let d be 3 - (-6)/(-2) - -3. Calculate w(d).
-3
Suppose -4*v = 2*n - 4, n + 16*v = 21*v - 12. Let u(k) = -3*k**2 - 2*k + 1. Let w(m) = m**2 + m. Let r(o) = u(o) + 5*w(o). Calculate r(n).
3
Let a(g) = -15*g**3 + 4*g**2 + 2*g - 5. Let t(c) = -16*c**3 + 3*c**2 + c - 4. Let y(m) = -3*a(m) + 4*t(m). Determine y(-1).
20
Let z(l) = 2*l**2 - 3*l**2 + 5*l**2 - 5*l**2 + 3*l + 4. Suppose q - t - 3 = 0, t = q - 3*t + 3. What is z(q)?
-6
Let j(q) = -q - 8. Suppose 108 = -43*v - 236. Determine j(v).
0
Let q(u) be the third derivative of u**5/60 - u**4/8 - 7*u**3/2 - 150*u**2. Give q(-3).
-3
Let l = -9 - -10. Suppose 3 = 5*y - 2. Let z(s) = 5 - 5 + 13*s + y. What is z(l)?
14
Suppose -x = 3*x + 2*v - 14, 15 = -3*v. Let s(a) = 8*a**2 - a**3 - 3*a - 14*a**2 + x + 0*a. What is s(-5)?
-4
Let p(b) be the second derivative of -1/6*b**3 + 27/2*b**2 + 1/12*b**4 + 5*b - 1/20*b**5 + 0. Calculate p(0).
27
Let k be ((-9)/12*-2)/(27/(-90)). Let m(x) = -x**3 - 6*x**2 - x + 7. Determine m(k).
-13
Let m(q) = 1 + 10*q**3 + 7*q - 13*q - 7*q**2 + 6*q + 6*q**2. Calculate m(-1).
-10
Let m(v) = -v**3 + v**2 - 2*v + 1. Let o be 4/(144/45) - (-1)/(-4). Give m(o).
-1
Suppose i = -0*o + o + 13, i = -3*o + 1. Let a(g) = -5 + 11 - i + g. Determine a(5).
1
Let h = -136 - -136. Let n(z) = -1 + z**3 - 70*z**2 + 78*z**2 + 7*z + h. Suppose -2*p - 2 = -3*p, 4*t + 3*p + 22 = 0. Calculate n(t).
-1
Suppose -6*f 